{"id":257,"date":"2022-10-25T14:07:19","date_gmt":"2022-10-25T14:07:19","guid":{"rendered":"https:\/\/konacikasm.com\/?page_id=257"},"modified":"2022-10-27T14:06:23","modified_gmt":"2022-10-27T14:06:23","slug":"yilmaz-lapaoglu","status":"publish","type":"page","link":"https:\/\/konacikasm.com\/index.php\/yilmaz-lapaoglu\/","title":{"rendered":"DR. YILMAZ LAPAO\u011eLU"},"content":{"rendered":"\t\t<div data-elementor-type=\"wp-page\" data-elementor-id=\"257\" class=\"elementor elementor-257\">\n\t\t\t\t\t\t<section class=\"elementor-section elementor-top-section elementor-element elementor-element-b5cc18c elementor-section-boxed elementor-section-height-default elementor-section-height-default elementor-invisible\" data-id=\"b5cc18c\" data-element_type=\"section\" data-e-type=\"section\" data-settings=\"{&quot;animation&quot;:&quot;fadeInLeft&quot;}\">\n\t\t\t\t\t\t<div class=\"elementor-container elementor-column-gap-default\">\n\t\t\t\t\t<div class=\"elementor-column elementor-col-50 elementor-top-column elementor-element elementor-element-6513ec9\" data-id=\"6513ec9\" data-element_type=\"column\" data-e-type=\"column\">\n\t\t\t<div class=\"elementor-widget-wrap elementor-element-populated\">\n\t\t\t\t\t\t<div class=\"elementor-element elementor-element-2066dbe elementor-widget elementor-widget-image\" data-id=\"2066dbe\" data-element_type=\"widget\" data-e-type=\"widget\" data-widget_type=\"image.default\">\n\t\t\t\t<div class=\"elementor-widget-container\">\n\t\t\t\t\t\t\t\t\t\t\t\t\t\t\t<img fetchpriority=\"high\" decoding=\"async\" width=\"724\" height=\"543\" src=\"https:\/\/i0.wp.com\/konacikasm.com\/wp-content\/uploads\/2022\/10\/alt-5ae892611bf1a-5168-1472832016f2509f3889266323039a33%401x.jpg?fit=724%2C543&amp;ssl=1\" class=\"attachment-large size-large wp-image-337\" alt=\"\" \/>\t\t\t\t\t\t\t\t\t\t\t\t\t\t\t<\/div>\n\t\t\t\t<\/div>\n\t\t\t\t\t<\/div>\n\t\t<\/div>\n\t\t\t\t<div class=\"elementor-column elementor-col-50 elementor-top-column elementor-element elementor-element-ef5fe35\" data-id=\"ef5fe35\" data-element_type=\"column\" data-e-type=\"column\">\n\t\t\t<div class=\"elementor-widget-wrap elementor-element-populated\">\n\t\t\t\t\t\t<div class=\"elementor-element elementor-element-919c96b elementor-widget elementor-widget-heading\" data-id=\"919c96b\" data-element_type=\"widget\" data-e-type=\"widget\" data-widget_type=\"heading.default\">\n\t\t\t\t<div class=\"elementor-widget-container\">\n\t\t\t\t\t<h1 class=\"elementor-heading-title elementor-size-default\"><b>\u00e7al\u0131\u015fma saatleri<\/b><br><br><br><\/h1>\t\t\t\t<\/div>\n\t\t\t\t<\/div>\n\t\t\t\t<div class=\"elementor-element elementor-element-40924c7 elementor-widget elementor-widget-text-editor\" data-id=\"40924c7\" data-element_type=\"widget\" data-e-type=\"widget\" data-widget_type=\"text-editor.default\">\n\t\t\t\t<div class=\"elementor-widget-container\">\n\t\t\t\t\t\t\t\t\t<h2 style=\"box-sizing: inherit; color: #4b4f58; font-family: 'Source Sans Pro', sans-serif; font-size: 17px;\"><b>Pazartesi:\u00a0 \u00a0 \u00a0 \u00a0 \u00a0 \u00a0 \u00a0 \u00a0 \u00a009:00\u00a0 \u2013 11:50\u00a0 13:30 &#8211;\u00a0 16:30<br \/>Sal\u0131:\u00a0 \u00a0 \u00a0 \u00a0 \u00a0 \u00a0 \u00a0 \u00a0 \u00a0 \u00a0 \u00a0 \u00a0 \u00a0 \u00a0 11:00\u00a0 \u2013 11:50\u00a0 13:30\u00a0 &#8211; 16:30\u00a0<br \/>\u00c7ar\u015famba:\u00a0 \u00a0 \u00a0 \u00a0 \u00a0 \u00a0 \u00a0 \u00a009:00\u00a0 \u2013 11:50\u00a0 13:30\u00a0 &#8211; 16:30<br \/>Per\u015fembe:\u00a0 \u00a0 \u00a0 \u00a0 \u00a0 \u00a0 \u00a0 \u00a009:00\u00a0 \u2013 11:50\u00a0 Evde Sa\u011fl\u0131k Hizmeti<br \/>Cuma:\u00a0 \u00a0 \u00a0 \u00a0 \u00a0 \u00a0 \u00a0 \u00a0 \u00a0 \u00a0 \u00a0 \u00a0 09:00\u00a0 \u2013 11:50\u00a0 13:30 \u2013 16:30\u00a0<br \/>Cumartesi: Kapal\u0131<br \/>Pazar: Kapal\u0131<\/b><\/h2>\t\t\t\t\t\t\t\t<\/div>\n\t\t\t\t<\/div>\n\t\t\t\t<div class=\"elementor-element elementor-element-38b6da3 elementor-invisible elementor-widget elementor-widget-text-editor\" data-id=\"38b6da3\" data-element_type=\"widget\" data-e-type=\"widget\" data-settings=\"{&quot;_animation&quot;:&quot;fadeInDown&quot;}\" data-widget_type=\"text-editor.default\">\n\t\t\t\t<div class=\"elementor-widget-container\">\n\t\t\t\t\t\t\t\t\t<p style=\"font-size: 14px; font-style: normal; font-weight: 300; text-align: left;\"><span style=\"font-weight: bold;\">Ebe: Nevcihan Nur<\/span><\/p><p style=\"font-size: 14px; font-style: normal; font-weight: 300; text-align: left;\"><span style=\"font-weight: bold;\">Birim Tel: 0252 319 04 35<\/span><\/p>\t\t\t\t\t\t\t\t<\/div>\n\t\t\t\t<\/div>\n\t\t\t\t\t<\/div>\n\t\t<\/div>\n\t\t\t\t\t<\/div>\n\t\t<\/section>\n\t\t\t\t<\/div>\n\t\t","protected":false},"excerpt":{"rendered":"<p>\u00e7al\u0131\u015fma saatleri Pazartesi:\u00a0 \u00a0 \u00a0 \u00a0 \u00a0 \u00a0 \u00a0 \u00a0 \u00a009:00\u00a0 \u2013 11:50\u00a0 13:30 &#8211;\u00a0 16:30Sal\u0131:\u00a0 \u00a0 \u00a0 \u00a0 \u00a0 \u00a0 \u00a0 \u00a0 \u00a0 \u00a0 \u00a0 \u00a0 \u00a0 \u00a0 11:00\u00a0 \u2013 11:50\u00a0 13:30\u00a0 &#8211; 16:30\u00a0\u00c7ar\u015famba:\u00a0 \u00a0 \u00a0 \u00a0 \u00a0 \u00a0 \u00a0 \u00a009:00\u00a0 \u2013 11:50\u00a0 13:30\u00a0 &#8211; 16:30Per\u015fembe:\u00a0 \u00a0 \u00a0 \u00a0 \u00a0 \u00a0 \u00a0 \u00a009:00\u00a0 \u2013 [&hellip;]<\/p>\n","protected":false},"author":1,"featured_media":0,"parent":0,"menu_order":0,"comment_status":"closed","ping_status":"closed","template":"","meta":{"om_disable_all_campaigns":false,"_monsterinsights_skip_tracking":false,"_monsterinsights_sitenote_active":false,"_monsterinsights_sitenote_note":"","_monsterinsights_sitenote_category":0,"_themeisle_gutenberg_block_has_review":false,"footnotes":""},"class_list":["post-257","page","type-page","status-publish","hentry"],"aioseo_notices":[],"jetpack_sharing_enabled":true,"_links":{"self":[{"href":"https:\/\/konacikasm.com\/index.php\/wp-json\/wp\/v2\/pages\/257","targetHints":{"allow":["GET"]}}],"collection":[{"href":"https:\/\/konacikasm.com\/index.php\/wp-json\/wp\/v2\/pages"}],"about":[{"href":"https:\/\/konacikasm.com\/index.php\/wp-json\/wp\/v2\/types\/page"}],"author":[{"embeddable":true,"href":"https:\/\/konacikasm.com\/index.php\/wp-json\/wp\/v2\/users\/1"}],"replies":[{"embeddable":true,"href":"https:\/\/konacikasm.com\/index.php\/wp-json\/wp\/v2\/comments?post=257"}],"version-history":[{"count":19,"href":"https:\/\/konacikasm.com\/index.php\/wp-json\/wp\/v2\/pages\/257\/revisions"}],"predecessor-version":[{"id":410,"href":"https:\/\/konacikasm.com\/index.php\/wp-json\/wp\/v2\/pages\/257\/revisions\/410"}],"wp:attachment":[{"href":"https:\/\/konacikasm.com\/index.php\/wp-json\/wp\/v2\/media?parent=257"}],"curies":[{"name":"wp","href":"https:\/\/api.w.org\/{rel}","templated":true}]}}