{"id":375,"date":"2022-10-27T13:35:57","date_gmt":"2022-10-27T13:35:57","guid":{"rendered":"https:\/\/konacikasm.com\/?page_id=375"},"modified":"2026-04-30T05:36:25","modified_gmt":"2026-04-30T05:36:25","slug":"elementor-375","status":"publish","type":"page","link":"https:\/\/konacikasm.com\/index.php\/elementor-375\/","title":{"rendered":"YARDIMCI TELEFONLAR"},"content":{"rendered":"\t\t<div data-elementor-type=\"wp-page\" data-elementor-id=\"375\" class=\"elementor elementor-375\">\n\t\t\t\t\t\t<section class=\"elementor-section elementor-top-section elementor-element elementor-element-73f3132d elementor-section-boxed elementor-section-height-default elementor-section-height-default\" data-id=\"73f3132d\" data-element_type=\"section\" data-e-type=\"section\">\n\t\t\t\t\t\t<div class=\"elementor-container elementor-column-gap-default\">\n\t\t\t\t\t<div class=\"elementor-column elementor-col-100 elementor-top-column elementor-element elementor-element-1ba5ce91\" data-id=\"1ba5ce91\" data-element_type=\"column\" data-e-type=\"column\">\n\t\t\t<div class=\"elementor-widget-wrap elementor-element-populated\">\n\t\t\t\t\t\t<div class=\"elementor-element elementor-element-277620bc elementor-widget elementor-widget-text-editor\" data-id=\"277620bc\" data-element_type=\"widget\" data-e-type=\"widget\" data-widget_type=\"text-editor.default\">\n\t\t\t\t<div class=\"elementor-widget-container\">\n\t\t\t\t\t\t\t\t\t\n<div id=\"wp-block-themeisle-blocks-advanced-columns-f2a8816a\" class=\"wp-block-themeisle-blocks-advanced-columns has-0-columns has-desktop-undefined-layout has-tablet-equal-layout has-mobile-equal-layout has-vertical-unset\"><div class=\"wp-block-themeisle-blocks-advanced-columns-overlay\"><\/div><div class=\"innerblocks-wrap\"><\/div><\/div>\n\t\t\t\t\t\t\t\t<\/div>\n\t\t\t\t<\/div>\n\t\t\t\t\t<\/div>\n\t\t<\/div>\n\t\t\t\t\t<\/div>\n\t\t<\/section>\n\t\t\t\t<section class=\"elementor-section elementor-top-section elementor-element elementor-element-6fadf59 elementor-section-boxed elementor-section-height-default elementor-section-height-default\" data-id=\"6fadf59\" data-element_type=\"section\" data-e-type=\"section\">\n\t\t\t\t\t\t<div class=\"elementor-container elementor-column-gap-default\">\n\t\t\t\t\t<div class=\"elementor-column elementor-col-50 elementor-top-column elementor-element elementor-element-9b907a1\" data-id=\"9b907a1\" data-element_type=\"column\" data-e-type=\"column\">\n\t\t\t<div class=\"elementor-widget-wrap elementor-element-populated\">\n\t\t\t\t\t\t<div class=\"elementor-element elementor-element-63c2d3a elementor-widget elementor-widget-image\" data-id=\"63c2d3a\" data-element_type=\"widget\" data-e-type=\"widget\" data-widget_type=\"image.default\">\n\t\t\t\t<div class=\"elementor-widget-container\">\n\t\t\t\t\t\t\t\t\t\t\t\t\t\t\t<img fetchpriority=\"high\" decoding=\"async\" width=\"1024\" height=\"688\" src=\"https:\/\/i0.wp.com\/konacikasm.com\/wp-content\/uploads\/2022\/10\/mhrs1.webp?fit=1024%2C688&amp;ssl=1\" class=\"attachment-large size-large wp-image-377\" alt=\"\" srcset=\"https:\/\/i0.wp.com\/konacikasm.com\/wp-content\/uploads\/2022\/10\/mhrs1.webp?w=1893&amp;ssl=1 1893w, https:\/\/i0.wp.com\/konacikasm.com\/wp-content\/uploads\/2022\/10\/mhrs1.webp?resize=300%2C202&amp;ssl=1 300w, https:\/\/i0.wp.com\/konacikasm.com\/wp-content\/uploads\/2022\/10\/mhrs1.webp?resize=1024%2C688&amp;ssl=1 1024w, https:\/\/i0.wp.com\/konacikasm.com\/wp-content\/uploads\/2022\/10\/mhrs1.webp?resize=768%2C516&amp;ssl=1 768w, https:\/\/i0.wp.com\/konacikasm.com\/wp-content\/uploads\/2022\/10\/mhrs1.webp?resize=1536%2C1032&amp;ssl=1 1536w\" sizes=\"(max-width: 1024px) 100vw, 1024px\" \/>\t\t\t\t\t\t\t\t\t\t\t\t\t\t\t<\/div>\n\t\t\t\t<\/div>\n\t\t\t\t\t<\/div>\n\t\t<\/div>\n\t\t\t\t<div class=\"elementor-column elementor-col-50 elementor-top-column elementor-element elementor-element-7a5717f\" data-id=\"7a5717f\" data-element_type=\"column\" data-e-type=\"column\">\n\t\t\t<div class=\"elementor-widget-wrap elementor-element-populated\">\n\t\t\t\t\t\t<div class=\"elementor-element elementor-element-c7c8a61 elementor-widget elementor-widget-text-editor\" data-id=\"c7c8a61\" data-element_type=\"widget\" data-e-type=\"widget\" data-widget_type=\"text-editor.default\">\n\t\t\t\t<div class=\"elementor-widget-container\">\n\t\t\t\t\t\t\t\t\t<p><b>Bodrum \u0130l\u00e7e Sa\u011fl\u0131k M\u00fcd\u00fcrl\u00fc\u011f\u00fc\u00a0<\/b><\/p>\n<p><img decoding=\"async\" style=\"font-weight: bold; color: var( --e-global-color-text ); font-family: var( --e-global-typography-text-font-family ), Sans-serif; font-size: var( --e-global-typography-text-font-size ); font-style: var( --e-global-typography-text-font-style ); letter-spacing: var( --e-global-typography-text-letter-spacing ); text-transform: var( --e-global-typography-text-text-transform ); background-color: var( --e-global-color-3d761f9 );\" src=\"http:\/\/konacikasm.com\/wp-content\/uploads\/2022\/10\/Phone.svg\" alt=\"\" width=\"14\" height=\"15\" \/>\u00a0<b>0252 313 53 33<\/b><\/p>\n<p><b>Bodrum Sa\u011fl\u0131kl\u0131 Hayat Merkezi\u00a0<\/b><\/p>\n<p><img decoding=\"async\" style=\"font-weight: bold; color: var( --e-global-color-text ); font-family: var( --e-global-typography-text-font-family ), Sans-serif; font-size: var( --e-global-typography-text-font-size ); font-style: var( --e-global-typography-text-font-style ); letter-spacing: var( --e-global-typography-text-letter-spacing ); text-transform: var( --e-global-typography-text-text-transform ); background-color: var( --e-global-color-3d761f9 );\" src=\"http:\/\/konacikasm.com\/wp-content\/uploads\/2022\/10\/Phone.svg\" alt=\"\" width=\"14\" height=\"15\" \/><b>\u00a00252 316 32 88<\/b><\/p>\n<p><b>Bodrum Belediyesi K\u00fclt\u00fcr Ve Sosyal \u0130\u015fler M\u00fcd\u00fcrl\u00fc\u011f\u00fc\u00a0<\/b><\/p>\n<p><img decoding=\"async\" style=\"font-weight: bold; color: var( --e-global-color-text ); font-family: var( --e-global-typography-text-font-family ), Sans-serif; font-size: var( --e-global-typography-text-font-size ); font-style: var( --e-global-typography-text-font-style ); letter-spacing: var( --e-global-typography-text-letter-spacing ); text-transform: var( --e-global-typography-text-text-transform ); background-color: var( --e-global-color-3d761f9 );\" src=\"http:\/\/konacikasm.com\/wp-content\/uploads\/2022\/10\/Phone.svg\" alt=\"\" width=\"14\" height=\"15\" \/>\u00a0<b>0252 319 44 48\u00a0<\/b><\/p>\n<p><b>Bodrum Devlet Hastanesi\u00a0<\/b><\/p>\n<p><img decoding=\"async\" style=\"font-weight: bold; color: var( --e-global-color-text ); font-family: var( --e-global-typography-text-font-family ), Sans-serif; font-size: var( --e-global-typography-text-font-size ); font-style: var( --e-global-typography-text-font-style ); letter-spacing: var( --e-global-typography-text-letter-spacing ); text-transform: var( --e-global-typography-text-text-transform ); background-color: var( --e-global-color-3d761f9 );\" src=\"http:\/\/konacikasm.com\/wp-content\/uploads\/2022\/10\/Phone.svg\" alt=\"\" width=\"14\" height=\"15\" \/>\u00a0<b>0252 313 14 20<\/b><\/p>\n<p><b>Mu\u011fla E\u011fitim Ve Ara\u015ft\u0131rma Hastanesi\u00a0<\/b><\/p>\n<p><img decoding=\"async\" style=\"font-weight: bold; color: var( --e-global-color-text ); font-family: var( --e-global-typography-text-font-family ), Sans-serif; font-size: var( --e-global-typography-text-font-size ); font-style: var( --e-global-typography-text-font-style ); letter-spacing: var( --e-global-typography-text-letter-spacing ); text-transform: var( --e-global-typography-text-text-transform ); background-color: var( --e-global-color-3d761f9 );\" src=\"http:\/\/konacikasm.com\/wp-content\/uploads\/2022\/10\/Phone.svg\" alt=\"\" width=\"14\" height=\"15\" \/>\u00a0<b>0252 214 13 23<\/b><\/p>\t\t\t\t\t\t\t\t<\/div>\n\t\t\t\t<\/div>\n\t\t\t\t\t<\/div>\n\t\t<\/div>\n\t\t\t\t\t<\/div>\n\t\t<\/section>\n\t\t\t\t<\/div>\n\t\t","protected":false},"excerpt":{"rendered":"<p>Bodrum \u0130l\u00e7e Sa\u011fl\u0131k M\u00fcd\u00fcrl\u00fc\u011f\u00fc\u00a0 \u00a00252 313 53 33 Bodrum Sa\u011fl\u0131kl\u0131 Hayat Merkezi\u00a0 \u00a00252 316 32 88 Bodrum Belediyesi K\u00fclt\u00fcr Ve Sosyal \u0130\u015fler M\u00fcd\u00fcrl\u00fc\u011f\u00fc\u00a0 \u00a00252 319 44 48\u00a0 Bodrum Devlet Hastanesi\u00a0 \u00a00252 313 14 20 Mu\u011fla E\u011fitim Ve Ara\u015ft\u0131rma Hastanesi\u00a0 \u00a00252 214 13 23<\/p>\n","protected":false},"author":1,"featured_media":0,"parent":0,"menu_order":0,"comment_status":"closed","ping_status":"closed","template":"","meta":{"om_disable_all_campaigns":false,"_monsterinsights_skip_tracking":false,"_monsterinsights_sitenote_active":false,"_monsterinsights_sitenote_note":"","_monsterinsights_sitenote_category":0,"_themeisle_gutenberg_block_has_review":false,"footnotes":""},"class_list":["post-375","page","type-page","status-publish","hentry"],"aioseo_notices":[],"jetpack_sharing_enabled":true,"_links":{"self":[{"href":"https:\/\/konacikasm.com\/index.php\/wp-json\/wp\/v2\/pages\/375","targetHints":{"allow":["GET"]}}],"collection":[{"href":"https:\/\/konacikasm.com\/index.php\/wp-json\/wp\/v2\/pages"}],"about":[{"href":"https:\/\/konacikasm.com\/index.php\/wp-json\/wp\/v2\/types\/page"}],"author":[{"embeddable":true,"href":"https:\/\/konacikasm.com\/index.php\/wp-json\/wp\/v2\/users\/1"}],"replies":[{"embeddable":true,"href":"https:\/\/konacikasm.com\/index.php\/wp-json\/wp\/v2\/comments?post=375"}],"version-history":[{"count":18,"href":"https:\/\/konacikasm.com\/index.php\/wp-json\/wp\/v2\/pages\/375\/revisions"}],"predecessor-version":[{"id":522,"href":"https:\/\/konacikasm.com\/index.php\/wp-json\/wp\/v2\/pages\/375\/revisions\/522"}],"wp:attachment":[{"href":"https:\/\/konacikasm.com\/index.php\/wp-json\/wp\/v2\/media?parent=375"}],"curies":[{"name":"wp","href":"https:\/\/api.w.org\/{rel}","templated":true}]}}